+ 111000210322?
111000211003
In base 8, what is 11 + 717435?
717446
In base 16, what is 22c + -69a76?
-6984a
In base 14, what is -d - -5d6a251?
5d6a242
In base 14, what is -4 - -dd8b2?
dd8ac
In base 12, what is -9222 + -10?
-9232
In base 16, what is -4c04e - 149?
-4c197
In base 9, what is -21824 - 2485?
-24420
In base 12, what is 676aa1 - 5?
676a98
In base 14, what is 458 - 395b2?
-39158
In base 3, what is -2000211112 + -1111120?
-2002100002
In base 12, what is -7421a87 + -4?
-7421a8b
In base 10, what is 0 - 62460614?
-62460614
In base 13, what is -56611 + 374?
-5626a
In base 3, what is 12120011110021221 + -1?
12120011110021220
In base 9, what is -23 + 2314262?
2314238
In base 8, what is -15740565 - 6?
-15740573
In base 10, what is 1992875716 + -5?
1992875711
In base 10, what is 12626 - -10635?
23261
In base 11, what is 3 + 1202793?
1202796
In base 14, what is 14b84 + 25cc?
17372
In base 12, what is 10b0 - -3487?
4577
In base 15, what is -7ca - -3309?
2a2e
In base 9, what is -653555 + -14?
-653570
In base 11, what is 86939a8 - 41?
8693967
In base 8, what is 171510 + 1655?
173365
In base 9, what is 86 + 165052?
165148
In base 13, what is 86 + -45897?
-45811
In base 14, what is 6c + 2a2?
330
In base 2, what is 10001001110110001001110 + -11?
10001001110110001001011
In base 12, what is 2351335 + -2?
2351333
In base 3, what is 11121 + 10201010?
10212201
In base 5, what is -312312214 - -10?
-312312204
In base 12, what is -35 - a17?
-a50
In base 15, what is -860b + -8bed?
-12309
In base 15, what is -2207adc + -4?
-2207ae1
In base 6, what is 321431 + 11331?
333202
In base 11, what is 153567a5 - -4?
153567a9
In base 10, what is 216802 - 165?
216637
In base 12, what is -18a34 - 2430?
-1b264
In base 7, what is -30216 + -11212?
-41431
In base 6, what is 4044453 - 1204?
4043245
In base 5, what is -10041404 + -141?
-10042100
In base 3, what is 112222111200 - 111?
112222111012
In base 8, what is -161146 + 56?
-161070
In base 4, what is 12232 - 3110110033?
-3110031201
In base 8, what is 232 + 31511711?
31512143
In base 4, what is 101011030 - 22203?
100322221
In base 11, what is 200a8 - 3a0?
1a808
In base 3, what is 220021122 + -10?
220021112
In base 15, what is a - 2c91481?
-2c91476
In base 8, what is 2 - 1002361231?
-1002361227
In base 8, what is 4 + 406537012?
406537016
In base 13, what is -8 + 56c9cc2?
56c9cb7
In base 14, what is 32ada - 54?
32a86
In base 3, what is 2 + 12212121001012022?
12212121001012101
In base 12, what is -34328 + -12a?
-34456
In base 11, what is 41268 - -42a1?
45559
In base 11, what is -5a210 - -1a3?
-5a018
In base 2, what is 101 - -1010010011110101001011110?
1010010011110101001100011
In base 2, what is -1010011000000 - -10100100000?
-111110100000
In base 5, what is 3221004031 - -23?
3221004104
In base 14, what is 49 - 9211?
-91a6
In base 13, what is -5b - -8abc56?
8abbc8
In base 4, what is 301 + 10113133311?
10113200212
In base 16, what is aab3d - -129?
aac66
In base 10, what is 36503674 + -8?
36503666
In base 14, what is 2d324 - -95?
2d3b9
In base 6, what is -1 + -24021213?
-24021214
In base 12, what is 38 - -1070103?
107013b
In base 13, what is -c7 - -1045b?
10364
In base 7, what is -50 + -3460605?
-3460655
In base 10, what is 1155 + -42129?
-40974
In base 9, what is 5 + -10311870?
-10311864
In base 3, what is 2200200110 - -111220?
2201012100
In base 11, what is -207 + 52423?
52217
In base 6, what is 101 + -3043231?
-3043130
In base 7, what is -5 + 201440040?
201440032
In base 14, what is -c - -9ccd4?
9ccc6
In base 12, what is 54624 - 5a?
54586
In base 14, what is 179 + 4d569?
4d704
In base 16, what is -1253 - 5e10?
-7063
In base 5, what is 134 - -232441002?
232441141
In base 16, what is -2cba5 + 17e1?
-2b3c4
In base 15, what is 33864 - 7a?
337d9
In base 15, what is -1 - 344c2c?
-344c2d
In base 4, what is 32 - 33030011020?
-33030010322
In base 16, what is 1a - -60f780?
60f79a
In base 10, what is -4373 - -272?
-4101
In base 13, what is 18 - 99c04?
-99bb9
In base 2, what is -1000100001101010100111 - -1001000?
-1000100001101001011111
In base 9, what is -21600 + 2255?
-18334
In base 16, what is -6692 - -8a7?
-5deb
In base 12, what is -468b + a53?
-3838
In base 7, what is -1062033 - -1434?
-1060266
In base 2, what is -10101011010 - -100000110001111?
11110000110101
In base 13, what is 1a653 - 5c?
1a5c4
In base 13, what is -c86c - -6892?
-5caa
In base 10, what is 234 + 4898924?
4899158
In base 3, what is -112020 - 11222101120?
-11222220210
In base 5, what is 0 + -130244233014?
-130244233014
In base 14, what is 55459d4 + -2?
55459d2
In base 5, what is -241124013 + 330?
-241123133
In base 13, what is 74 - 11642?
-1159b
In base 6, what is 13411 + 233134?
250545
In base 13, what is -118c949 - -2?
-118c947
In base 11, what is 0 + -76626782?
-76626782
In base 16, what is -5 + 22ad9a?
22ad95
In base 6, what is -2432242 - -313?
-2431525
In base 13, what is -11c1625 - 3?
-11c1628
In base 4, what is -31030020322 - -1?
-31030020321
In base 11, what is 5580416 - 9?
5580408
In base 6, what is 13553 + -131543?
-113550
In base 10, what is -17663855 - 2?
-17663857
In base 14, what is -84d + -891?
-1300
In base 10, what is 19271474 - -9?
19271483
In base 2, what is 1 - 110010001100010011110011100?
-110010001100010011110011011
In base 3, what is -2 + 1020011001101?
1020011001022
In base 9, what is 118283 + 512?
118805
In base 7, what is -2444322 + -23?
-2444345
In base 6, what is 25002032 + -54?
25001534
In base 11, what is 1047 - 9260?
-8214
In base 3, what is -212120212122 + -10120?
-212121000012
In base 10, what is -895 + -976?
-1871
In base 15, what is 49 - 2009e4?
-20099a
In base 3, what is 12121 + 1211220111?
1212010002
In base 16, what is 34b - -5a8e?
5dd9
In base 3, what is 10 - 12121021221?
-12121021211
In base 8, what is -1526 + -115267?
-117015
In base 10, what is -3632 - -2722?
-910
In base 5, what is -22 + -2023203203?
-2023203230
In base 11, what is -8478 - -827?
-7751
In base 14, what is 2d + -1b88c?
-1b85d
In base 16, what is -acca88 + 6?
-acca82
In base 11, what is 66 + 778566?
778621
In base 3, what is 1001 + -1101121211?
-1101120210
In base 5, what is 20 - 123444333413?
-123444333343
In base 14, what is -107ca + b2?
-10718
In base 11, what is -2651 - aa64?
-12605
In base 16, what is -48b86a - -1?
-48b869
In base 6, what is 11122232 + -21?
11122211
In base 3, what is 2122021 + -10210110?
-1011012
In base 16, what is -2 + c0b58?
c0b56
In base 15, what is -b079a92 + 5?
-b079a8c
In base 9, what is -1620 - -341?
-1268
In base 16, what is -31 - -9131?
9100
In base 13, what is -1 + 1067548?
1067547
In base 8, what is 413 + -364366?
-363753
In base 9, what is -5 - 22323524?
-22323530
In base 11, what is 16584 - 2860?
13824
In base 8, what is 1165140 - 144?
1164774
In base 14, what is 51caa84 - -4?
51caa88
In base 6, what is -3 + 24135323?
24135320
In base 11, what is 0 + 30140486?
30140486
In base 3, what is -1121022122 + -200220111?
-2022020010
In base 7, what is -2215 + -105415?
-110633
In base 10, what is 44342843 - -2?
44342845
In base 5, what is 222223034 - 34?
222223000
In base 15, what is 21d922 + 4?
21d926
In base 5, what is 121 + -2144142?
-2144021
In base 13, what is c51 + 402?
1353
In base 6, what is 2125010 - -10043?
2135053
In base 16, what is 45e0 + 4496?
8a76
In base 2, what is 11000110100101010010001 - -11?
11000110100101010010100
In base 5, what is 0 - 1313240231?
-1313240231
In base 6, what is -311400432 + -5?
-311400441
In base 12, what is -39aa - 7853?
-b641
In base 3, what is -100222 - -20001111011?
20001010012
In base 12, what is 19235 + abb?
1a134
In base 8, what is -33114264 - 7?
-33114273
In base 5, what is -334211241113 + -2?
-334211241120
In base 8, what is 152653 + -1266?
151365
In base 14, what is -2 + -2c5bc0c?
-2c5bc10
In base 9, what is 517 + 2504?
3122
In base 9, what is 24803333 + -1?
24803332
In base 9, what is -303 - 8338?
-8642
In base 5, what is 12100 - -33433400?
34001000
In base 4, what is 1031310301220 + -2?
1031310301212
In base 8, what is -6230533 + 316?
-6230215
In base 2, what is 1110 - 1111101100000000011?
-1111101011111110101
In base 10, what is 4 + 160634377?
160634381
In base 8, what is -23647413 - -1?
-23647412
In base 10, what is 3329 - -830?
4159
In base 7, what is 1 - 363624401?
-36362440